8 - 63 - -45)?
-36
14 + -35 + 0 + 21 - (1 - 25)
24
Evaluate 38 - 85 - (0 + -32).
-15
What is 56 - 73 - ((-9 - -3) + -12)?
1
What is 1 - -27 - (-2419 + 2415)?
32
What is the value of (-54 - (1 - -1)) + -27 + (13 - -33 - 13)?
-50
What is the value of 16 + -16 + (13 - 36)?
-23
-7 - (-8 - (-19 + 18))
0
Evaluate (18 - (147 + -79)) + 175.
125
Evaluate 17 - (-1 + 13 + (277 - 258)).
-14
What is the value of 39 + ((1 - -15) + -9 - 7) + -16?
23
What is the value of -44 + 3 + (-1 - -12 - (-323 + 334))?
-41
-25 + (29 - 29) + -8
-33
Evaluate (-42 - 3) + (74 - 49) + -48.
-68
Evaluate -38 + -3 + 0 + 6 + -104 + 83.
-56
What is (0 - -1) + -5 + (-11 - (3 + -11)) + -24?
-31
What is the value of -8 + 16 + 29 - (7 + (2 - -1 - 2))?
29
(2 + -45 - -52) + 3
12
Evaluate (-81 - -72) + (-12 - 2) - (0 - (-3 - 1)).
-27
2 + -31 + 27 - -3
1
What is the value of (32 - 3) + (-16 - (10 + -21))?
24
Calculate (9728 - 9758) + (1 - 45).
-74
-188 - (5 - (29 - -68))
-96
What is the value of (9 - (13 - (-6 + 2)) - -12) + -78?
-74
What is the value of 1 - 6 - (-43 + -50 + 2 + 4 + 3)?
79
Calculate 26 - 0 - (190 + -165 + -28).
29
Calculate (1 - -14) + (55 + 5 - 67).
8
What is (629 - 448) + 4 + -97?
88
Calculate -64 - (0 + 0 + 17 - (146 + (-40 - 97))).
-72
Calculate -4 - 17 - (-12 - (-17 + -6 + 7 + -3)).
-28
What is -12 - -1 - (0 - -72 - (-212 - -116 - -115))?
-64
Evaluate -8 - 7 - (-13 - -1) - 5.
-8
-577 - -503 - (-7 + -149)
82
Evaluate -11 - ((21 - (-2 - -1) - 10) + -90 - -2).
65
What is 19 - 8 - 15 - 63 - -14?
-53
Calculate (8 - 2) + -10 + (-75 - (4 + -3 + -6)).
-74
-6 - (-25 + (-13 - (-111 - 0)))
-79
What is 12 - 6 - (15 + -21 + 1)?
11
Calculate (-4 + 0 - (183 + -122 + -42)) + -56.
-79
Calculate -36 + -3 + 2 + 2 - 31.
-66
What is -92 + (232 - (36 + -10))?
114
(-31 - 1) + -2 + 0 + (-151 - (218 + -362))
-41
Calculate (3 - -37) + 111 + -217 + (-1 - (0 + 12)).
-79
Calculate (58 + -43 - 97) + 3.
-79
65 + -55 + -30 + 2 - -4
-14
Evaluate -4 + (54 + 6 - 30) - 19.
7
What is the value of -14 + 2 - (73 + -39)?
-46
Calculate 14 + (7 - (6 + 1 + -3) - (9 + -6)).
14
What is the value of 5 + 5 + (-5 - -6 - -41 - 7 - -8)?
53
-1 + 0 + 9 + (74 + (-60 - -38) - 191)
-131
What is the value of 1 + -17 - (123 - (11 + 37 + -15))?
-106
Evaluate (-8 - -41) + 14 - (-62 - -237).
-128
Evaluate -6 + (-40 - -51 - (-19 + 75)).
-51
-22 + (-83 + -56 - (-33 + -8))
-120
What is -2061 + 2015 - (-12 - 0)?
-34
What is -60 + 4 + (-4 + 14 - (4 - -3))?
-53
Calculate 63 - (-9 - (-169 - -83)).
-14
Evaluate -36 + (28 + -23 - (0 + 1)) + (-326 - -328).
-30
16 - -66 - -9 - (8 - (3 - -5))
91
Calculate 3 + -5 - (-36 + 98 - 60).
-4
Evaluate (9 - 0) + -2 - (253 - 236).
-10
Calculate (1 + (-1 + 0 - 5) - 3) + (28 - -6).
26
What is the value of -15 + (15 - 4) - -3 - (-32 - -3)?
28
Calculate (2 - (-11 - (-21 - 53))) + -7.
-68
Evaluate 4 + (4 - -3) + (-46 - -63) - 13.
15
Evaluate (15 - 8) + -16 + 1 + -4 + (5 - 58).
-65
Evaluate 6 + 9 + -32 - 25 - -18.
-24
Evaluate 75 + 10 + (59 - 85) + -16.
43
What is 76 + (-56 - -74) + -60?
34
7 + 11 + (-42 - 41)
-65
What is the value of (26 - 18 - (101 - (2 + 3))) + -2 + -11?
-101
What is 93 + (-320 + 313 - (5 + (-3 - 8)))?
92
-70 + (74 - (46 - 7))
-35
Evaluate -54 + -53 + 101 + (-7 - (2 - 0)).
-15
Evaluate -15 - ((19 - -2) + -10 - (-1 - -23)).
-4
What is the value of (-2 - (-43 + 3)) + -35 + -73 + 120?
50
Calculate -39 - ((40 - -30) + -143).
34
17 + (-29 - 6) + (-10 - 4) + -1 + -9
-42
What is the value of -5 - -12 - -11 - (35 + 24)?
-41
Calculate 14 + (-34 - (13 + -31 + 1)).
-3
Evaluate -22 + 105 + (35 - -2) + -22.
98
Calculate (-22 - 18 - -127) + 20 - 2.
105
What is the value of (8 - 26 - -7) + (23 - (-31 + 101))?
-58
What is 68 - 73 - (-11 - (15 + -116) - (1 - 0))?
-94
What is the value of -96 + 46 + 11 - 19?
-58
What is the value of (-5 - (14 + 2) - -27) + 2 + -44?
-36
Calculate 73 + (-65 - (43 + -54)).
19
36 + -41 + (97 - 132)
-40
What is the value of (0 - -9 - 1) + 215 + -239?
-16
51 + (-29 - (-46 + 47))
21
-67694 + 67597 + (0 - (3 - (-1 - -2))) + -2
-101
What is 10 - (62 - (60 - -24))?
32
Calculate 3 + (-11 - (15 + -20)) + -2 + 5 + -9.
-9
Calculate -6 + (26 - (29 + -55 + 28)).
18
What is the value of 20 + (-10 - 2 - 62) + 10?
-44
What is the value of 1 + 3 + (-3 - (1 - -3)) + 2 - 45?
-46
What is 2 - (22 - (-3 - (68 - 43)))?
-48
Evaluate 12 - (2 + 0 + 70 + -38).
-22
Evaluate -11 - (-19 + (63 - 23)).
-32
Evaluate -36 - (-111 + 5 + 9).
61
What is (25 - ((12 - 6) + 16)) + -22?
-19
What is -37 + -4 - (-102 + 53)?
8
What is the value of 8 + 7 + -13 + 23 + -2 + 36?
59
What is -11 + 51 - 81 - 39 - (1 - -1 - 9)?
-73
Calculate -19 + 21 + -1 + -10 - (-4 + -32).
27
What is the value of -35 + 1 + 9 + -14?
-39
79 - (35 - (-50 + 46))
40
Evaluate (42 - 32) + -8 + -3.
-1
Calculate (1453 - 1532) + 28 + 0.
-51
Evaluate 7 - -30 - 69 - -25.
-7
What is 0 + -1 + -8 + 7 + 0 + 9 - 15?
-8
What is -1 + 8 - (-1 + 20 + -14) - 85 - -8?
-75
What is the value of 94 + (-94 - 5 - -52)?
47
-4 + (0 - 6) + (-275 + 264 - (81 + 0))
-102
Calculate -7 + -133 - (977 + -1066).
-51
What is 1 + 4 + (-18 - 1 - (64 + 131 + -222))?
13
Evaluate 34 - (19 + -36) - -6.
57
Evaluate 122 + -1 - ((193 - 176) + -4 + 6 + -5).
107
Evaluate (-18 - (-40 + 29)) + 32.
25
Evaluate 17 + 0 + (-142 + 65 - -9).
-51
What is -7 + (-16 - (1 - 4)) + (3 - 5)?
-22
Evaluate (-82 - 72) + 50 + 33.
-71
(0 - 25 - (-13 + 8)) + 7 + -19 + 20
-12
13 + (98 - 80 - (-1 + 10)) + 13
35
What is the value of -179 - ((-40 - 146) + 85)?
-78
Evaluate (73 - (-23 - -21 - (-3 - 1))) + -2363 + 2362.
70
Evaluate 0 + 16 + -39 - -17 - -4 - -63.
61
What is the value of 4 - ((-18 - -25) + 9) - -27?
15
Calculate -23 + 7 + (-7 - -4) + 17 + -15.
-17
Evaluate -16 - -3 - (-24 - ((54 - -12) + -24)).
53
Calculate (18 + -1 - (-15 - -34)) + (39 - -4).
41
What is the value of -28 + 36 + 5 + -34 + 20 + -81?
-82
Calculate (84 - 121) + 58 - 99.
-78
Calculate 9 - 2 - (-28 + -89 + 101).
23
Calculate 28 - ((31 - 21) + 43 + 34).
-59
Calculate -12 + 10 - ((12 - 20) + 5 - 12).
13
What is 40 + (2 - 46) + (1 + 1 - (-63 + 0))?
61
What is 8 + 4 + (3 - 8 - -1) - (-2 - -120)?
-110
Calculate 125 - 102 - (-14 + -25).
62
Evaluate 0 + -3 + 3 - (-1174 + 1154).
20
What is (2 - 5) + 0 + (76 - -30 - 74)?
29
What is the value of 42 - ((21 - -57) + -50)?
14
64 + ((106 - 61) + -38 - (-8 + 1))
78
What is -1 - (-158 - (-409 - -113))?
-139
What is 7 - (17 - (12 - (-14 + 15))) - 15 - -15?
1
What is (28 - 9 - 9) + 10?
20
23 + (-76 - (-19 + 3)) - (1 - -10)
-48
Calculate -59 - ((28 - 8) + -11).
-68
Calculate 9 - (54 - -19) - -18.
-46
Evaluate 95 - (-1 - (2 + -2)) - (-186 + -25 + 221).
86
What is the value of 43 + (22 + 35 - 85)?
15
-16 + (-51 - -100 - (21 - -1))
11
Evaluate -1 - ((11 - 0) + 643 + -622).
-33
5 + -144 - (110 + -103 - 23)
-123
(39 - (8 - 16) - -12) + -1
58
Evaluate -65 + (14 - -81) + (-15 - -2).
17
Calculate 9 - 22 - -18 - (-6 - -2 - (97 + -14)).
92
What is the value of 193 + -87 + (-2 - 30 - 2)?
72
-17 - (-3 + 9 + (10 - 8))
-25
Evaluate (26 - 12 - (7 + (9 - (12 - -2)))) + -25.
-13
What is the value of -5 + (31 - (17 - 11))?
20
(6 - 1) + (119 - (-58 + 139))
43
Evaluate 5 - (21 + 47 + -53).
-10
What is the value of (-7 - 102) + (-63 - -169)?
-3
Calculate 19 - (68 - 84 - (-40 + 1)).
-4
Evaluate -58 - (-12 + -1) - (12 + 11 + -12).
-56
What is -18 - (-8 - -11) - -9 - (3 - 48)?
33
Evaluate 27 + (56 - 67) - (2 + -10 - (1 - -2)).
27
Evaluate -5 + (-8 + (10 - -2) - -41) - 14.
26
(-17 - -1) + 55 + 5 + -76
-32
Evaluate 9 + -59 + 10 - -53.
13
Evaluate -11 + -1 + (-44 - (-15 + -18)).
-23
132 - 49 - 77 - -11
17
What is (-2 - -7) + 16 + 22 + 5 + -14?
34
Calculate 7 + -5 + (393 - 395) + -1 + 2 + 2.
3
Evaluate (-1 - -47) + (5656 - 5664).
38
What is the value of (11 - -90) + -111 - -20?
10
Calculate (26 - 0) + (5116 - 5146) + (-38 - 1).
-43
What is the value of 4 - (7 + (55 - 60) + (53 - 0))?
-51
What is the value of -17 - (-13 + -15) - (19 - (0 + 4))?
-4
What is -5 + 2 - 50 - (-812 - -792)?
-33
What is (1 - (1 - 17) - (-10346 + 10276)) + 2?
89
What is the value of -5 - -6 - (2 - (-11 + 86))?
74
(13 + -7 - 4) + (5 - 2)
5
Evaluate -22 + (3 - 28 - -31).
-16
Calculate (-184 - -149) + (22 - 10) + -13 + 1.
-35
What is -1123 - -1070 - (-29 + 2)?
-26
Evaluate -31 + (79 - (41 - 19)) + 18.
44
What is -16 - (-39 + 77) - -72?
18
What is the value of 